{"id":134,"date":"2018-04-11T14:33:45","date_gmt":"2018-04-11T14:33:45","guid":{"rendered":"http:\/\/ferienwohnung-wessobrunn.de\/?page_id=134"},"modified":"2024-01-12T11:05:25","modified_gmt":"2024-01-12T11:05:25","slug":"susanne-2","status":"publish","type":"page","link":"https:\/\/ferienwohnung-wessobrunn.de\/?page_id=134","title":{"rendered":"&#8222;Susanne&#8220;"},"content":{"rendered":"<p><img loading=\"lazy\" decoding=\"async\" class=\"wp-image-1154 aligncenter\" src=\"http:\/\/ferienwohnung-wessobrunn.de\/wp-content\/uploads\/2023\/05\/IMG_6780-scaled.jpg\" alt=\"\" width=\"150\" height=\"200\" srcset=\"https:\/\/ferienwohnung-wessobrunn.de\/wp-content\/uploads\/2023\/05\/IMG_6780-scaled.jpg 1920w, https:\/\/ferienwohnung-wessobrunn.de\/wp-content\/uploads\/2023\/05\/IMG_6780-225x300.jpg 225w, https:\/\/ferienwohnung-wessobrunn.de\/wp-content\/uploads\/2023\/05\/IMG_6780-768x1024.jpg 768w, https:\/\/ferienwohnung-wessobrunn.de\/wp-content\/uploads\/2023\/05\/IMG_6780-1152x1536.jpg 1152w, https:\/\/ferienwohnung-wessobrunn.de\/wp-content\/uploads\/2023\/05\/IMG_6780-1536x2048.jpg 1536w\" sizes=\"auto, (max-width: 150px) 100vw, 150px\" \/><\/p>\n<p>Ferienwohnung \u201cSusanne&#8220;, ca. 85 m\u00b2<\/p>\n<p>wurde im Dezember 2022 renoviert und verf\u00fcgt \u00fcber 1 sehr gro\u00dfes Schlafzimmer mit Doppelbett und Einzelbett sowie die M\u00f6glichkeit eines weiteren Zustellbettes oder Kinderbettes, einen Wohn-\/Essbereich mit K\u00fcche, Bad mit DU\/WC sowie einer Terrasse.<\/p>\n<p><img loading=\"lazy\" decoding=\"async\" class=\"alignnone size-full wp-image-1132\" src=\"http:\/\/ferienwohnung-wessobrunn.de\/wp-content\/uploads\/2023\/05\/IMG_6265-1.jpg\" alt=\"\" width=\"2016\" height=\"1512\" srcset=\"https:\/\/ferienwohnung-wessobrunn.de\/wp-content\/uploads\/2023\/05\/IMG_6265-1.jpg 2016w, https:\/\/ferienwohnung-wessobrunn.de\/wp-content\/uploads\/2023\/05\/IMG_6265-1-300x225.jpg 300w, https:\/\/ferienwohnung-wessobrunn.de\/wp-content\/uploads\/2023\/05\/IMG_6265-1-1024x768.jpg 1024w, https:\/\/ferienwohnung-wessobrunn.de\/wp-content\/uploads\/2023\/05\/IMG_6265-1-768x576.jpg 768w, https:\/\/ferienwohnung-wessobrunn.de\/wp-content\/uploads\/2023\/05\/IMG_6265-1-1536x1152.jpg 1536w\" sizes=\"auto, (max-width: 767px) 89vw, (max-width: 1000px) 54vw, (max-width: 1071px) 543px, 580px\" \/><\/p>\n<p style=\"text-align: center;\">Neue K\u00fcche mit Induktionsherd, Backofen, K\u00fchlschrank mit Gefrierfach,\u00a0 Sp\u00fclmaschine, Kaffeemaschine und vielen\u00a0 wichtigen Helfern ;-)! Hochstuhl f\u00fcr Kinder wird gerne bereitgestellt!<\/p>\n<p><img loading=\"lazy\" decoding=\"async\" class=\"alignnone size-full wp-image-1121\" src=\"http:\/\/ferienwohnung-wessobrunn.de\/wp-content\/uploads\/2023\/05\/IMG_6264-1.jpg\" alt=\"\" width=\"2016\" height=\"1512\" srcset=\"https:\/\/ferienwohnung-wessobrunn.de\/wp-content\/uploads\/2023\/05\/IMG_6264-1.jpg 2016w, https:\/\/ferienwohnung-wessobrunn.de\/wp-content\/uploads\/2023\/05\/IMG_6264-1-300x225.jpg 300w, https:\/\/ferienwohnung-wessobrunn.de\/wp-content\/uploads\/2023\/05\/IMG_6264-1-1024x768.jpg 1024w, https:\/\/ferienwohnung-wessobrunn.de\/wp-content\/uploads\/2023\/05\/IMG_6264-1-768x576.jpg 768w, https:\/\/ferienwohnung-wessobrunn.de\/wp-content\/uploads\/2023\/05\/IMG_6264-1-1536x1152.jpg 1536w\" sizes=\"auto, (max-width: 767px) 89vw, (max-width: 1000px) 54vw, (max-width: 1071px) 543px, 580px\" \/><\/p>\n<p><img loading=\"lazy\" decoding=\"async\" class=\"alignnone size-full wp-image-1197\" src=\"http:\/\/ferienwohnung-wessobrunn.de\/wp-content\/uploads\/2024\/01\/IMG_7073-scaled.jpg\" alt=\"\" width=\"2560\" height=\"1920\" srcset=\"https:\/\/ferienwohnung-wessobrunn.de\/wp-content\/uploads\/2024\/01\/IMG_7073-scaled.jpg 2560w, https:\/\/ferienwohnung-wessobrunn.de\/wp-content\/uploads\/2024\/01\/IMG_7073-300x225.jpg 300w, https:\/\/ferienwohnung-wessobrunn.de\/wp-content\/uploads\/2024\/01\/IMG_7073-1024x768.jpg 1024w, https:\/\/ferienwohnung-wessobrunn.de\/wp-content\/uploads\/2024\/01\/IMG_7073-768x576.jpg 768w, https:\/\/ferienwohnung-wessobrunn.de\/wp-content\/uploads\/2024\/01\/IMG_7073-1536x1152.jpg 1536w, https:\/\/ferienwohnung-wessobrunn.de\/wp-content\/uploads\/2024\/01\/IMG_7073-2048x1536.jpg 2048w\" sizes=\"auto, (max-width: 767px) 89vw, (max-width: 1000px) 54vw, (max-width: 1071px) 543px, 580px\" \/><\/p>\n<p style=\"text-align: center;\">Gro\u00dfes Schlafzimmer mit Doppelbett und Einzelbett sowie die M\u00f6glichkeit eines weiteren Zustellbettes.<\/p>\n<p style=\"text-align: center;\">Reisebett stellen wir gerne kostenfrei zur Verf\u00fcgung!<\/p>\n<p><img loading=\"lazy\" decoding=\"async\" class=\"alignnone size-full wp-image-749\" src=\"http:\/\/ferienwohnung-wessobrunn.de\/wp-content\/uploads\/2020\/05\/IMG_1288-scaled.jpg\" alt=\"\" width=\"2560\" height=\"1920\" srcset=\"https:\/\/ferienwohnung-wessobrunn.de\/wp-content\/uploads\/2020\/05\/IMG_1288-scaled.jpg 2560w, https:\/\/ferienwohnung-wessobrunn.de\/wp-content\/uploads\/2020\/05\/IMG_1288-300x225.jpg 300w, https:\/\/ferienwohnung-wessobrunn.de\/wp-content\/uploads\/2020\/05\/IMG_1288-1024x768.jpg 1024w, https:\/\/ferienwohnung-wessobrunn.de\/wp-content\/uploads\/2020\/05\/IMG_1288-768x576.jpg 768w, https:\/\/ferienwohnung-wessobrunn.de\/wp-content\/uploads\/2020\/05\/IMG_1288-1536x1152.jpg 1536w, https:\/\/ferienwohnung-wessobrunn.de\/wp-content\/uploads\/2020\/05\/IMG_1288-2048x1536.jpg 2048w\" sizes=\"auto, (max-width: 767px) 89vw, (max-width: 1000px) 54vw, (max-width: 1071px) 543px, 580px\" \/><\/p>\n<p style=\"text-align: center;\">Couch zum Relaxen!<\/p>\n<p><img loading=\"lazy\" decoding=\"async\" class=\"alignnone size-full wp-image-748\" src=\"http:\/\/ferienwohnung-wessobrunn.de\/wp-content\/uploads\/2020\/05\/IMG_1287-scaled.jpg\" alt=\"\" width=\"2560\" height=\"1920\" srcset=\"https:\/\/ferienwohnung-wessobrunn.de\/wp-content\/uploads\/2020\/05\/IMG_1287-scaled.jpg 2560w, https:\/\/ferienwohnung-wessobrunn.de\/wp-content\/uploads\/2020\/05\/IMG_1287-300x225.jpg 300w, https:\/\/ferienwohnung-wessobrunn.de\/wp-content\/uploads\/2020\/05\/IMG_1287-1024x768.jpg 1024w, https:\/\/ferienwohnung-wessobrunn.de\/wp-content\/uploads\/2020\/05\/IMG_1287-768x576.jpg 768w, https:\/\/ferienwohnung-wessobrunn.de\/wp-content\/uploads\/2020\/05\/IMG_1287-1536x1152.jpg 1536w, https:\/\/ferienwohnung-wessobrunn.de\/wp-content\/uploads\/2020\/05\/IMG_1287-2048x1536.jpg 2048w\" sizes=\"auto, (max-width: 767px) 89vw, (max-width: 1000px) 54vw, (max-width: 1071px) 543px, 580px\" \/><\/p>\n<p><img loading=\"lazy\" decoding=\"async\" class=\"alignnone size-full wp-image-880\" src=\"http:\/\/ferienwohnung-wessobrunn.de\/wp-content\/uploads\/2020\/12\/IMG_2590.jpg\" alt=\"\" width=\"2016\" height=\"1512\" srcset=\"https:\/\/ferienwohnung-wessobrunn.de\/wp-content\/uploads\/2020\/12\/IMG_2590.jpg 2016w, https:\/\/ferienwohnung-wessobrunn.de\/wp-content\/uploads\/2020\/12\/IMG_2590-300x225.jpg 300w, https:\/\/ferienwohnung-wessobrunn.de\/wp-content\/uploads\/2020\/12\/IMG_2590-1024x768.jpg 1024w, https:\/\/ferienwohnung-wessobrunn.de\/wp-content\/uploads\/2020\/12\/IMG_2590-768x576.jpg 768w, https:\/\/ferienwohnung-wessobrunn.de\/wp-content\/uploads\/2020\/12\/IMG_2590-1536x1152.jpg 1536w\" sizes=\"auto, (max-width: 767px) 89vw, (max-width: 1000px) 54vw, (max-width: 1071px) 543px, 580px\" \/><\/p>\n<p style=\"text-align: center;\">Ger\u00e4umiges Bad mit DU\/WC, Handt\u00fccher und F\u00f6hn vorhanden!<\/p>\n<p><img loading=\"lazy\" decoding=\"async\" class=\"alignnone size-full wp-image-879\" src=\"http:\/\/ferienwohnung-wessobrunn.de\/wp-content\/uploads\/2020\/12\/IMG_2589.jpg\" alt=\"\" width=\"2016\" height=\"1512\" srcset=\"https:\/\/ferienwohnung-wessobrunn.de\/wp-content\/uploads\/2020\/12\/IMG_2589.jpg 2016w, https:\/\/ferienwohnung-wessobrunn.de\/wp-content\/uploads\/2020\/12\/IMG_2589-300x225.jpg 300w, https:\/\/ferienwohnung-wessobrunn.de\/wp-content\/uploads\/2020\/12\/IMG_2589-1024x768.jpg 1024w, https:\/\/ferienwohnung-wessobrunn.de\/wp-content\/uploads\/2020\/12\/IMG_2589-768x576.jpg 768w, https:\/\/ferienwohnung-wessobrunn.de\/wp-content\/uploads\/2020\/12\/IMG_2589-1536x1152.jpg 1536w\" sizes=\"auto, (max-width: 767px) 89vw, (max-width: 1000px) 54vw, (max-width: 1071px) 543px, 580px\" \/><\/p>\n<p style=\"text-align: center;\">S\u00fcdterrasse in den Garten!<\/p>\n<p><img loading=\"lazy\" decoding=\"async\" class=\"alignnone size-full wp-image-877\" src=\"http:\/\/ferienwohnung-wessobrunn.de\/wp-content\/uploads\/2020\/12\/IMG_1995-scaled.jpg\" alt=\"\" width=\"2560\" height=\"1920\" srcset=\"https:\/\/ferienwohnung-wessobrunn.de\/wp-content\/uploads\/2020\/12\/IMG_1995-scaled.jpg 2560w, https:\/\/ferienwohnung-wessobrunn.de\/wp-content\/uploads\/2020\/12\/IMG_1995-300x225.jpg 300w, https:\/\/ferienwohnung-wessobrunn.de\/wp-content\/uploads\/2020\/12\/IMG_1995-1024x768.jpg 1024w, https:\/\/ferienwohnung-wessobrunn.de\/wp-content\/uploads\/2020\/12\/IMG_1995-768x576.jpg 768w, https:\/\/ferienwohnung-wessobrunn.de\/wp-content\/uploads\/2020\/12\/IMG_1995-1536x1152.jpg 1536w, https:\/\/ferienwohnung-wessobrunn.de\/wp-content\/uploads\/2020\/12\/IMG_1995-2048x1536.jpg 2048w\" sizes=\"auto, (max-width: 767px) 89vw, (max-width: 1000px) 54vw, (max-width: 1071px) 543px, 580px\" \/><\/p>\n<p><span style=\"font-size: 1rem;\">\u00a0<\/span><span style=\"font-size: 1rem;\">\u00a0<\/span><span style=\"font-size: 1rem;\">\u00a0<\/span><\/p>\n<p style=\"text-align: center;\"><script>!function(d,s,id){var js,fjs=d.getElementsByTagName(s)[0];if(!d.getElementById(id)){js=d.createElement(s);js.id=id;js.src=\"\/\/www.traum-ferienwohnungen.de\/widgets\/boot.js\";fjs.parentNode.insertBefore(js,fjs);}}(document,\"script\",\"traumfewo-widget-js\");<\/script><a class=\"traumfewo-review\" title=\"Ferienwohnung &quot;Susanne&quot; im Hause Mag bei Traum-Ferienwohnungen.de\" href=\"http:\/\/www.traum-ferienwohnungen.de\/108614\/#bewertungen\" rel=\"follow\" data-listing=\"108614\" data-language=\"de\" data-width=\"535\" data-height=\"285\" data-font=\"verdana\" data-color-background=\"FFFFFF\" data-color-border=\"86B3D4\" data-color-button=\"\" data-color-fontcolor=\"333333\" data-color-buttonfont=\"\" data-without-logo=\"false\">Jetzt alle Bewertungen von Ferienwohnung &#8222;Susanne&#8220; im Hause Mag lesen<\/a><\/p>\n","protected":false},"excerpt":{"rendered":"<p>Ferienwohnung \u201cSusanne&#8220;, ca. 85 m\u00b2 wurde im Dezember 2022 renoviert und verf\u00fcgt \u00fcber 1 sehr gro\u00dfes Schlafzimmer mit Doppelbett und Einzelbett sowie die M\u00f6glichkeit eines weiteren Zustellbettes oder Kinderbettes, einen Wohn-\/Essbereich mit K\u00fcche, Bad mit DU\/WC sowie einer Terrasse. Neue K\u00fcche mit Induktionsherd, Backofen, K\u00fchlschrank mit Gefrierfach,\u00a0 Sp\u00fclmaschine, Kaffeemaschine und vielen\u00a0 wichtigen Helfern ;-)! Hochstuhl &hellip; <\/p>\n<p class=\"link-more\"><a href=\"https:\/\/ferienwohnung-wessobrunn.de\/?page_id=134\" class=\"more-link\"><span class=\"screen-reader-text\">\u201e&#8222;Susanne&#8220;\u201c <\/span>weiterlesen<\/a><\/p>\n","protected":false},"author":1,"featured_media":0,"parent":0,"menu_order":4,"comment_status":"closed","ping_status":"closed","template":"","meta":{"footnotes":""},"class_list":["post-134","page","type-page","status-publish","hentry"],"_links":{"self":[{"href":"https:\/\/ferienwohnung-wessobrunn.de\/index.php?rest_route=\/wp\/v2\/pages\/134","targetHints":{"allow":["GET"]}}],"collection":[{"href":"https:\/\/ferienwohnung-wessobrunn.de\/index.php?rest_route=\/wp\/v2\/pages"}],"about":[{"href":"https:\/\/ferienwohnung-wessobrunn.de\/index.php?rest_route=\/wp\/v2\/types\/page"}],"author":[{"embeddable":true,"href":"https:\/\/ferienwohnung-wessobrunn.de\/index.php?rest_route=\/wp\/v2\/users\/1"}],"replies":[{"embeddable":true,"href":"https:\/\/ferienwohnung-wessobrunn.de\/index.php?rest_route=%2Fwp%2Fv2%2Fcomments&post=134"}],"version-history":[{"count":22,"href":"https:\/\/ferienwohnung-wessobrunn.de\/index.php?rest_route=\/wp\/v2\/pages\/134\/revisions"}],"predecessor-version":[{"id":1202,"href":"https:\/\/ferienwohnung-wessobrunn.de\/index.php?rest_route=\/wp\/v2\/pages\/134\/revisions\/1202"}],"wp:attachment":[{"href":"https:\/\/ferienwohnung-wessobrunn.de\/index.php?rest_route=%2Fwp%2Fv2%2Fmedia&parent=134"}],"curies":[{"name":"wp","href":"https:\/\/api.w.org\/{rel}","templated":true}]}}