{"id":244,"date":"2018-04-13T13:51:53","date_gmt":"2018-04-13T13:51:53","guid":{"rendered":"http:\/\/ferienwohnung-wessobrunn.de\/?page_id=244"},"modified":"2018-09-11T16:50:24","modified_gmt":"2018-09-11T16:50:24","slug":"impressum","status":"publish","type":"page","link":"https:\/\/ferienwohnung-wessobrunn.de\/?page_id=244","title":{"rendered":"Impressum"},"content":{"rendered":"<p><img loading=\"lazy\" decoding=\"async\" class=\"alignnone size-medium wp-image-10\" src=\"http:\/\/ferienwohnung-wessobrunn.de\/wp-content\/uploads\/2018\/04\/Logo_Ferienwohnungen-Mag1-300x183.jpg\" alt=\"\" width=\"300\" height=\"183\" srcset=\"https:\/\/ferienwohnung-wessobrunn.de\/wp-content\/uploads\/2018\/04\/Logo_Ferienwohnungen-Mag1-300x183.jpg 300w, https:\/\/ferienwohnung-wessobrunn.de\/wp-content\/uploads\/2018\/04\/Logo_Ferienwohnungen-Mag1-768x470.jpg 768w, https:\/\/ferienwohnung-wessobrunn.de\/wp-content\/uploads\/2018\/04\/Logo_Ferienwohnungen-Mag1-1024x626.jpg 1024w, https:\/\/ferienwohnung-wessobrunn.de\/wp-content\/uploads\/2018\/04\/Logo_Ferienwohnungen-Mag1.jpg 1940w\" sizes=\"auto, (max-width: 300px) 100vw, 300px\" \/><\/p>\n<p><strong>Angaben gem\u00e4\u00df \u00a7 5 TMG ,\u00a0<\/strong><strong>verantwortlich f\u00fcr den Inhalt \u00a755 Abs 2 RStV:<\/strong><br \/>\nSusanne und L\u00e0szl\u00f2 Mag<br \/>\nSchaidhaufweg 10<br \/>\n82405 Wessobrunn<\/p>\n<p><strong>Telefon:<\/strong>\u00a008809\/212<br \/>\n<strong>Telefax:\u00a0<\/strong>08809\/922132<br \/>\n<strong>E-Mail:\u00a0 \u00a0<\/strong><a href=\"mailto:info@ferienwohnung-wessobrunn.de\">info@ferienwohnung-wessobrunn.de<\/a><br \/>\n<strong>Internet: <\/strong><a href=\"http:\/\/www.ferienwohnung-wessobrunn.de\">www.ferienwohnung-wessobrunn.de<\/a><\/p>\n<h3><strong>Haftung f\u00fcr Inhalte<\/strong><\/h3>\n<p>Die Inhalte unserer Seiten sind mit gr\u00f6\u00dfter Gewissenhaftigkeit erstellt worden, f\u00fcr die wir als Inhaber jedoch keine Gew\u00e4hr auf Richtigkeit, Vollst\u00e4ndigkeit, Aktualit\u00e4t und Qualit\u00e4t der f\u00fcr Sie bereitgestellten Informationen \u00fcbernehmen. Haftungsanspr\u00fcche auf Sch\u00e4den jeglicher Art aufgrund der Nutzung oder Nichtnutzung unserer vorhandenen Informationen sind ausgeschlossen. Sollte dennoch eine konkrete Rechtsverletzungen vorliegen, so ist die Haftung erst ab Zeitpunkt der Kenntnisnahme m\u00f6glich. Selbstverst\u00e4ndlich werden wir die betroffenen Inhalte der Rechtsverletzung nach Bekanntwerden umgehend entfernen.<\/p>\n<h3><strong>Haftung f\u00fcr Links<\/strong><\/h3>\n<p>Als Inhaber \u00fcbernehmen wir keinerlei Gew\u00e4hr f\u00fcr direkte, indirekte und externe Links; diese wurden zum Zeitpunkt der Verlinkung \u00fcberpr\u00fcft und keine Rechtsverst\u00f6\u00dfe festgestellt. Hierf\u00fcr sind die jeweiligen Betreiber oder Anbieter dieser Seiten verantwortlich. Sollten berechtigte Rechtsverletzungen vorliegen, erfolgt nach Kentnisnahme die umgehende Entfernung der entsprechenden Links.<\/p>\n<h3><strong>Urheberrecht<\/strong><\/h3>\n<p>Alle Inhalte und Werke der vorhandenen Seiten unterliegen dem deutschen Urheberrecht. Eine Nutzung oder Vervielf\u00e4ltigung des Inhalts oder jeglicher Teile davon ist nicht zul\u00e4ssig, sondern bedarf der Zustimmung des Inhabers\/Erstellers.\u00a0 Ebenso gilt dies auch f\u00fcr die Urheberrechte von Dritten. Zuwiderhandlungen werden vom Inhaber ggfs. mit einer Anzeige geahndet. Sollten Sie eine Urheberrechtsverletzung feststellen,\u00a0 bitten wir um eine Mitteilung. Nach Kenntnisnahme von Rechtsverletzungen werden wir die entsprechenden Inhalte umgehend entfernt.<\/p>\n<p>&nbsp;<\/p>\n","protected":false},"excerpt":{"rendered":"<p>Angaben gem\u00e4\u00df \u00a7 5 TMG ,\u00a0verantwortlich f\u00fcr den Inhalt \u00a755 Abs 2 RStV: Susanne und L\u00e0szl\u00f2 Mag Schaidhaufweg 10 82405 Wessobrunn Telefon:\u00a008809\/212 Telefax:\u00a008809\/922132 E-Mail:\u00a0 \u00a0info@ferienwohnung-wessobrunn.de Internet: www.ferienwohnung-wessobrunn.de Haftung f\u00fcr Inhalte Die Inhalte unserer Seiten sind mit gr\u00f6\u00dfter Gewissenhaftigkeit erstellt worden, f\u00fcr die wir als Inhaber jedoch keine Gew\u00e4hr auf Richtigkeit, Vollst\u00e4ndigkeit, Aktualit\u00e4t und Qualit\u00e4t der &hellip; <\/p>\n<p class=\"link-more\"><a href=\"https:\/\/ferienwohnung-wessobrunn.de\/?page_id=244\" class=\"more-link\"><span class=\"screen-reader-text\">\u201eImpressum\u201c <\/span>weiterlesen<\/a><\/p>\n","protected":false},"author":1,"featured_media":0,"parent":0,"menu_order":12,"comment_status":"closed","ping_status":"closed","template":"","meta":{"footnotes":""},"class_list":["post-244","page","type-page","status-publish","hentry"],"_links":{"self":[{"href":"https:\/\/ferienwohnung-wessobrunn.de\/index.php?rest_route=\/wp\/v2\/pages\/244","targetHints":{"allow":["GET"]}}],"collection":[{"href":"https:\/\/ferienwohnung-wessobrunn.de\/index.php?rest_route=\/wp\/v2\/pages"}],"about":[{"href":"https:\/\/ferienwohnung-wessobrunn.de\/index.php?rest_route=\/wp\/v2\/types\/page"}],"author":[{"embeddable":true,"href":"https:\/\/ferienwohnung-wessobrunn.de\/index.php?rest_route=\/wp\/v2\/users\/1"}],"replies":[{"embeddable":true,"href":"https:\/\/ferienwohnung-wessobrunn.de\/index.php?rest_route=%2Fwp%2Fv2%2Fcomments&post=244"}],"version-history":[{"count":18,"href":"https:\/\/ferienwohnung-wessobrunn.de\/index.php?rest_route=\/wp\/v2\/pages\/244\/revisions"}],"predecessor-version":[{"id":628,"href":"https:\/\/ferienwohnung-wessobrunn.de\/index.php?rest_route=\/wp\/v2\/pages\/244\/revisions\/628"}],"wp:attachment":[{"href":"https:\/\/ferienwohnung-wessobrunn.de\/index.php?rest_route=%2Fwp%2Fv2%2Fmedia&parent=244"}],"curies":[{"name":"wp","href":"https:\/\/api.w.org\/{rel}","templated":true}]}}