{"id":251,"date":"2018-04-13T13:53:56","date_gmt":"2018-04-13T13:53:56","guid":{"rendered":"http:\/\/ferienwohnung-wessobrunn.de\/?page_id=251"},"modified":"2024-11-23T13:46:40","modified_gmt":"2024-11-23T13:46:40","slug":"service","status":"publish","type":"page","link":"https:\/\/ferienwohnung-wessobrunn.de\/?page_id=251","title":{"rendered":"Wissenswertes A &#8211; Z"},"content":{"rendered":"<h1><img loading=\"lazy\" decoding=\"async\" class=\"alignnone size-medium wp-image-10 aligncenter\" src=\"http:\/\/ferienwohnung-wessobrunn.de\/wp-content\/uploads\/2018\/04\/Logo_Ferienwohnungen-Mag1-300x183.jpg\" alt=\"\" width=\"300\" height=\"183\" srcset=\"https:\/\/ferienwohnung-wessobrunn.de\/wp-content\/uploads\/2018\/04\/Logo_Ferienwohnungen-Mag1-300x183.jpg 300w, https:\/\/ferienwohnung-wessobrunn.de\/wp-content\/uploads\/2018\/04\/Logo_Ferienwohnungen-Mag1-768x470.jpg 768w, https:\/\/ferienwohnung-wessobrunn.de\/wp-content\/uploads\/2018\/04\/Logo_Ferienwohnungen-Mag1-1024x626.jpg 1024w, https:\/\/ferienwohnung-wessobrunn.de\/wp-content\/uploads\/2018\/04\/Logo_Ferienwohnungen-Mag1.jpg 1940w\" sizes=\"auto, (max-width: 300px) 100vw, 300px\" \/><strong>A<\/strong><\/h1>\n<hr \/>\n<p><strong><span style=\"color: #339966;\">Apotheke<\/span><\/strong> befindet sich in Rott ca. 8 km, Montag &#8211; Freitag von 08.15 &#8211; 18.30 Uhr, Samstag 08.15 &#8211; 12.00 Uhr, weitere Apotheken finden Sie in Weilheim<\/p>\n<p><strong><span style=\"color: #339966;\">App<\/span><\/strong> &#8211; \u00fcber allen Touren- und Freizeittipps im Pfaffenwinkel zum sich herunterladen f\u00fcr alle Smartphones!<\/p>\n<p><img loading=\"lazy\" decoding=\"async\" class=\"aligncenter wp-image-1071 size-full\" src=\"http:\/\/ferienwohnung-wessobrunn.de\/wp-content\/uploads\/2022\/07\/Pfaffenwinkel-App.png\" alt=\"\" width=\"665\" height=\"865\" srcset=\"https:\/\/ferienwohnung-wessobrunn.de\/wp-content\/uploads\/2022\/07\/Pfaffenwinkel-App.png 665w, https:\/\/ferienwohnung-wessobrunn.de\/wp-content\/uploads\/2022\/07\/Pfaffenwinkel-App-231x300.png 231w\" sizes=\"auto, (max-width: 665px) 100vw, 665px\" \/><\/p>\n<p><span style=\"color: #339966;\"><strong>Arzt\u00a0<\/strong>\u00a0&#8211;\u00a0<\/span>Gemeinschaftspraxis Dr. Ertl befindet,\u00a0 Z\u00f6pfstra\u00dfe 19,\u00a0 Tel. 08809\/544\u00a0 \u00d6ffnungszeiten Mo. 08.00 &#8211; 11.30 Uhr, Dienstag 08.00 &#8211; 12.00 Uhr und 17.30 &#8211; 19.30 Uhr, Mittwoch, 08.00 &#8211; 12.00 Uhr, Donnerstag, 08.00 &#8211; 12.00 Uhr und 17.00 &#8211; 19.00 Uhr, Freitag, 08.00 &#8211; 12.00 Uhr<\/p>\n<h1><strong>B<\/strong><\/h1>\n<hr \/>\n<p><span style=\"color: #339966;\"><strong>Badem\u00f6glichkeiten &#8211;<\/strong><\/span> in ca. 3 km Entfernung befindet sich ein Naturmoorsee &#8211; &#8222;Engelsriedersee&#8220;. Dieser wird durch das Hinweisschild &#8222;Seeh\u00e4usl&#8220; auch ausgeschildert. Er ist leicht zu finden, einfach in der Ortsmitte in Richtung Westen die Feichtmayrstra\u00dfe entlangfahren. Weitere Badem\u00f6glichkeiten sind noch der Ammersee (18 km), Starnbergersee (25 km), Staffelsee (31 km), Freibad Thaining (15 km), Rigi Rutsch\u00b4n Pei\u00dfenberg (15 km), Plantsch in schongau (23 km), Freibad Landsberg (28 km)<\/p>\n<p><span style=\"color: #339966;\"><strong>Besuch<\/strong><\/span> von G\u00e4sten in unseren Ferienwohnungen ist nur nach Absprache gestattet!<\/p>\n<p><strong><span style=\"color: #339966;\">B\u00e4ckerei<\/span><\/strong> (mit Fr\u00fchst\u00fccksangebot) ist in 5 Gehminuten zu erreichen, Montag &#8211; Freitag 05.30 &#8211; 17.30 Uhr, Samstag von 05.30 &#8211; 12.00 Uhr ge\u00f6ffnet.<\/p>\n<p><strong><span style=\"color: #339966;\">B\u00fccherei\u00a0<\/span><\/strong>&#8222;Am R\u00f6merturm&#8220; in Wessobrunn hat Sonntags von 09.45 &#8211; 10.30 Uhr, Mittwoch von 19.00 &#8211; 20.00 Uhr sowie Donnerstag von 14.45 &#8211; 15.45 Uhr ge\u00f6ffnet.<\/p>\n<p><span style=\"color: #339966;\"><strong>Bus &#8211;<\/strong><\/span> Die Busline des RVO 9652 f\u00e4hrt die Strecke Landsberg-Weilheim, anbei der\u00a0 <a href=\"http:\/\/ferienwohnung-wessobrunn.de\/wp-content\/uploads\/2022\/05\/RVO_9652_010322.pdf\">Busplan 9652<\/a> !<\/p>\n<h1><strong>E<\/strong><\/h1>\n<hr \/>\n<p><strong><span style=\"color: #339966;\">Einkaufsm\u00f6glichkeiten<\/span><\/strong> befinden sich im nahe gelegenen Rott (8 km) sowie alle namhaften Superm\u00e4rkte in Weilheim (11 km)\u00a0 und eine sch\u00f6ne Innenstadt. Am Marienplatz und Kirchplatz k\u00f6nnen Sie jeden Mittwoch und Freitag frische Produkte (K\u00e4se, Eier, Fisch, etc.) aus der Region kaufen.<\/p>\n<h1><strong>F<\/strong><\/h1>\n<hr \/>\n<p><span style=\"color: #339966;\"><strong>Fahrr\u00e4der<\/strong><\/span> k\u00f6nnen in unserer Fahrradh\u00fctte sicher untergebracht werden<\/p>\n<p><strong><span style=\"color: #339966;\">Fahrradverleih<\/span><\/strong> mit einer gro\u00dfen Auswahl an Trekking &#8211; City oder E-Bikes befindet sich in St. Heinrich, direkt am Starnberger See, gerne informieren wir Sie oder Sie nehmen Kontakt auf unter<\/p>\n<p><a href=\"https:\/\/www.velo-bavaria.de\"><img loading=\"lazy\" decoding=\"async\" class=\"wp-image-1103 aligncenter\" src=\"http:\/\/ferienwohnung-wessobrunn.de\/wp-content\/uploads\/2023\/02\/Velo-Bavaria_de_unten_RGB-300x180.jpg\" alt=\"\" width=\"237\" height=\"142\" srcset=\"https:\/\/ferienwohnung-wessobrunn.de\/wp-content\/uploads\/2023\/02\/Velo-Bavaria_de_unten_RGB-300x180.jpg 300w, https:\/\/ferienwohnung-wessobrunn.de\/wp-content\/uploads\/2023\/02\/Velo-Bavaria_de_unten_RGB.jpg 655w\" sizes=\"auto, (max-width: 237px) 100vw, 237px\" \/><\/a><\/p>\n<p style=\"text-align: center;\"><span style=\"color: #008000;\"><strong><span style=\"color: #33cccc;\"><a style=\"color: #33cccc;\" href=\"https:\/\/www.velo-bavaria.de\">www.velo-bavaria.de<\/a> \/ Telefon 0176\/201 884 10<\/span><\/strong><\/span><\/p>\n<p><span style=\"color: #339966;\"><strong>Fischverkauf <\/strong><span style=\"color: #000000;\">in\u00a0 Pei\u00dfenberg ca. 10 km Entfernung vom Forellenhof Sch\u00f6nwag direkt am Bahnhof und in Weilheim am Weidenbach bei Familie Schleich.<\/span><\/span><\/p>\n<p><strong><span style=\"color: #339966;\">F\u00f6hn<\/span><\/strong> ist in jeder Wohnung vorhanden<\/p>\n<p><strong><span style=\"color: #339966;\">Friseur<\/span><\/strong> ist in 7 Gehminuten erreichbar!<\/p>\n<h1><strong>G<\/strong><\/h1>\n<hr \/>\n<p><span style=\"color: #339966;\"><strong>Gastst\u00e4tten \/ Restaurant<\/strong><\/span> &#8211; Gasthof zur Post, Z\u00f6pfstra\u00dfe 1, Wessobrunn, Tel. 08809\/208, Landgasthof zum Eibenwald, Pei\u00dfenberger Stra\u00dfe 11, Wessobrunn, Tel. 08809\/92040, Griechisches Restaurant &#8222;Seeh\u00e4usl&#8220;, Seeh\u00e4usl 4, Rott (3km), Telefon 08809\/859, &#8222;Zauberh\u00fctte&#8220; M\u00f6\u00dfle 2,\u00a0 Birkland-Peiting (12 km) Telefon 08809\/205, Pizzeria Alberto, Admiral-Hipper-Stra\u00dfe 11, Weilheim (11 km) 0881\/638180, &#8222;Zum Murnauer&#8220;, Weilheimer Stra\u00dfe 21, Murnau (32km), Telefon 08841\/4854101, Gasthof &#8222;Zur Sonne&#8220; in Pei\u00dfenberg (18 km), Tel. 08803\/489796<\/p>\n<p><span style=\"color: #339966;\"><strong>Geschwindigkeitsbegrenzung &#8211;<\/strong><\/span> Aufgrund der vielen Kinder in unserer Stra\u00dfe, haben alle Anwohner im Schaidhaufweg per Unterschrift eine Geschwindigkeitsbegrenzung auf 15 km erwirkt. Dies wurde durch die Gemeinde Wessobrunn entsprechend mit einem Hinweisschild an der Stra\u00dfenzufahrt best\u00e4tigt. Wir w\u00fcrden uns freuen, wenn auch Sie dieser Bitte nachkommen w\u00fcrden \ud83d\ude42 !<\/p>\n<h1><span style=\"color: #000000;\"><strong>H<\/strong><\/span><\/h1>\n<hr \/>\n<p><span style=\"color: #339966;\"><strong>Haustiere<\/strong><\/span> sind nicht gestattet \ud83d\ude41<\/p>\n<h1><strong>K<\/strong><\/h1>\n<hr \/>\n<p><strong><span style=\"color: #339966;\">Kinder\u00e4rzte-Praxis<\/span><\/strong>, Murnauer Stra\u00dfe 3 in Weilheim, Telefon 0881\/924-7220, Montag &#8211; Freitag von 08.00 &#8211; 12.00 Uhr \/ 14.00 &#8211; 17.00 Uhr<\/p>\n<p><strong><span style=\"color: #339966;\">Kirche und Kloster &#8211; <\/span><\/strong>\u00a0das geschichtstr\u00e4chtige Kloster mit seinen tollen Stuckarbeiten sowie unsere sch\u00f6ne Kirche St. Johannis der T\u00e4ufer sollten Sie besuchen. F\u00fchrungen und Gottesdienstzeiten sowie weiter Infos finden Sie\u00a0 unter\u00a0<a href=\"http:\/\/www.pfarrei-Wessobrunn.de\">Pfarrei Wessobrunn.\u00a0<\/a><\/p>\n<p><strong><span style=\"color: #339966;\">Klosterladen<\/span><\/strong> &#8211; Im Bereich des F\u00fcrstentraktes befindet sich die Naturkosmetik von Martina Gebhardt. Der Klosterladen im tollen Ambiente l\u00e4dt\u00a0 mit zertifizierten Bioprodukten ein! (vor\u00fcbergehend geschlossen!)<\/p>\n<p><span style=\"color: #339966;\"><strong>KFZ-Werkst\u00e4tten<\/strong><\/span> aller g\u00e4ngigen Automarken finden Sie ebenfalls in Weilheim<\/p>\n<p><strong><span style=\"color: #339966;\">Krankenh\u00e4user<\/span><\/strong> befinden sich in Weilheim (11 km), Johann-Bauer-Stra\u00dfe 4, Telefon 0881\/1880, Schongau (21 km) mit einer Bereitschaftspraxis auch am Wochenende von 09.00 &#8211; 21.00 Uhr, Maria-Ebert-Stra\u00dfe 6, Telefon 08861\/2150, Krankenhaus in Starnberg (37 km) mit Kinderstation, O\u00dfwaldstra\u00dfe 1, Telefon 08151\/180, Krankenhaus Landsberg (28 km) mit Kinderstation, B\u00fcrgermeister-Dr.-Hartmann-Stra\u00dfe 50, Tel. 08191\/3330, Unfallklinik Murnau (32 km), Professor-K\u00fcntscher-Stra\u00dfe 8, Tel. 08841\/480<\/p>\n<h1><strong>M<\/strong><\/h1>\n<hr \/>\n<p><strong><span style=\"color: #339966;\">M\u00fcll &#8211;\u00a0<\/span><\/strong><span style=\"color: #000000;\">wir bitten Sie, den M\u00fcll zu trennen. Die Abfallbeh\u00e4lter finden Sie am Parkplatz zum Durchgang zu Wohnung &#8222;Elisabeth&#8220; &#8211; Papier, Plastik, Bio bitte in die Restm\u00fclltonne, Beh\u00e4lter f\u00fcr Dosen und Glas. Sollten Sie Ihre Dosen und Flaschen selber entsorgen wollen, so finden Sie die Container in Wessobrunn unterhalb des Tennisplatzes an der Mehrzweckhalle.<\/span><\/p>\n<h1><strong>P<\/strong><\/h1>\n<hr \/>\n<p><span style=\"color: #339966;\"><strong>Partys \/ Feiern<\/strong><\/span> &#8211; wir bitten um gegenseitige R\u00fccksichtnahme und Ruhe &#8211; es sind keine Partys erlaubt. Bitte halten Sie die Nachtruhe ab 22.00 Uhr ein.<\/p>\n<p><strong><span style=\"color: #339966;\">Parkpl\u00e4tze &#8211;<\/span><\/strong> jeder Ferienwohnung steht ein Parkplatz auf der Parkfl\u00e4che vor dem Haus zur Verf\u00fcgung. Die Parkpl\u00e4tze sind nicht zugeteilt, so dass wir um gegenseitige R\u00fccksichtnahme bitten. Ebenfalls ist das Parken vor dem Garagentor nicht gestattet.<\/p>\n<p><span style=\"color: #339966;\"><strong>Post<\/strong><\/span> &#8211; n\u00e4chste Filiale in Rott im EDEKA (8 km), weitere Postfilialen in Weilheim und Pei\u00dfenberg<\/p>\n<h1><span style=\"color: #000000;\"><strong>R<\/strong><\/span><\/h1>\n<hr \/>\n<p><strong><span style=\"color: #339966;\">Rauchen &#8211;<\/span><\/strong> ist in unseren Wohnungen nicht gestattet. Gerne k\u00f6nnen Sie im Au\u00dfenbereich Rauchen, Aschenbecher stellen wir gerne zur Verf\u00fcgung, besondere Achtsamkeit bitten wir auf dem Holzbalkon unserer Wohnung &#8222;Elisabeth&#8220;<\/p>\n<p><strong><span style=\"color: #339966;\">Reiser\u00fccktritt &#8211; <span style=\"color: #000000;\">***<\/span><span style=\"color: #000000;\">Sicher Urlaub machen &#8211; Storno ohne Risiko*** &#8211;\u00a0 <\/span><\/span><\/strong><span style=\"color: #339966;\"><span style=\"color: #000000;\">Damit Sie bei Stornierung oder Abbruch Ihres Urlaubs aufgrund von Erkrankung, Unfall oder Arbeitslosigkeit &#8211; auch innerhalb der Familie &#8211; m\u00f6gliche finanzielle Verluste ersetzt bekommen, empfehlen wir Ihnen die Produkte unseres Partners ERGO Reiseversicherung, dem Marktf\u00fchrer unter den Reiseversicherern in Deutschland.<\/span><\/span><\/p>\n<p><span style=\"color: #008000;\"><strong><span style=\"font-family: Helvetica, sans-serif;\"> <a style=\"color: #008000;\" href=\"https:\/\/www.reiseversicherung.de\/de\/reiseschutz-deutschland\/index.html?agency=029631000000\">Jetzt vorsorgen und Reiseschutz abschlie\u00dfen &gt;&gt;<\/a><\/span><\/strong><\/span><\/p>\n<p><img loading=\"lazy\" decoding=\"async\" class=\"aligncenter\" src=\"https:\/\/upload.wikimedia.org\/wikipedia\/commons\/a\/ac\/ERGO_Reiseversicherung_Logo.jpg\" alt=\"Datei:ERGO Reiseversicherung Logo.jpg \u2013 Wikipedia\" width=\"160\" height=\"101\" \/><\/p>\n<h1><strong>S<\/strong><\/h1>\n<hr \/>\n<p><strong><span style=\"color: #339966;\">Stornorichtlinien &#8211; <\/span><\/strong>2 Wochen vor Anreise ist die Stornierung kostenlos, 50% des<br \/>\nMietpreise bis 1 Woche vor Anreise, 100% bei einer Stornierung in den letzten 7 Tagen<br \/>\nvor Anreise sowie bei Nichtanreise.\u00a0 Gerne k\u00f6nnen Sie sich auf unserer Website, unter dem Punkt &#8222;Reiser\u00fccktritt&#8220; \u00fcber eine Reiser\u00fccktrittsversicherung informieren **<strong>jetzt auch mit Covid-19**\u00a0<\/strong><\/p>\n<p><span style=\"color: #339966;\"><strong>Sport\/Spiel &#8211;<\/strong> <\/span>gerne k\u00f6nnen Sie sich Gesellschaftsspiele, Federball, etc. bei uns ausleihen. Ebenfalls steht eine Tischtennisplatte und im Sommer ein Trampolin zur Verf\u00fcgung. Auch unser Baumhaus und der Garten kann von Ihnen uneingeschr\u00e4nkt genutzt werden, allerdings \u00fcbernehmen wir keinerlei Haftung, bitte achten Sie auf Ihre Kinder!<\/p>\n<h1><strong>T<\/strong><\/h1>\n<hr \/>\n<p><span style=\"color: #339966;\"><strong>Tankstellen<\/strong><\/span> finden Sie in Weilheim 11 km<\/p>\n<p><strong><span style=\"color: #339966;\">Taxi<\/span> &#8211;<\/strong>\u00a0Weilheim Liensdorf &amp; Mayr 0881\/9277788 oder 0171\/3869123, Pei\u00dfenberg Taxi Etzel 08803\/2480 oder 0171\/6755321, weitere Unternehmer finden Sie noch in Weilheim und Pei\u00dfenberg.<\/p>\n<h1><strong>W<\/strong><\/h1>\n<hr \/>\n<p><strong><span style=\"color: #339966;\">W\u00e4scheservice &#8211;\u00a0<\/span><\/strong><span style=\"color: #339966;\">\u00a0<\/span><span style=\"color: #000000;\">gerne k\u00f6nnen Sie Waschmaschine und Trockner im Haupthaus gegen eine Geb\u00fchr von 7 Euro pro Waschladung (Waschen und Trocknen inklusive Waschmittel und Duftflakon) nutzen.<\/span><\/p>\n<p><strong><span style=\"color: #339966;\">WLAN<\/span><\/strong> steht kostenlos in jeder Wohnung zur Verf\u00fcgung<\/p>\n<h1><strong>Z<\/strong><\/h1>\n<hr \/>\n<p><strong><span style=\"color: #339966;\">Zug &#8211;<\/span><\/strong> n\u00e4chster Bahnhof der Deutschen Bahn befindet sich in Weilheim, die Hauptverbindung M\u00fcnchen &#8211; Garmisch-Partenkirchen &#8211; Innsbruck f\u00e4hrt halbst\u00fcndlich. Alternativ gibt es in Tutzing (25km) oder Starnberg (37 km) noch einen S-Bahn-Halt &#8211; Park &amp; Rail.<\/p>\n","protected":false},"excerpt":{"rendered":"<p>A Apotheke befindet sich in Rott ca. 8 km, Montag &#8211; Freitag von 08.15 &#8211; 18.30 Uhr, Samstag 08.15 &#8211; 12.00 Uhr, weitere Apotheken finden Sie in Weilheim App &#8211; \u00fcber allen Touren- und Freizeittipps im Pfaffenwinkel zum sich herunterladen f\u00fcr alle Smartphones! Arzt\u00a0\u00a0&#8211;\u00a0Gemeinschaftspraxis Dr. Ertl befindet,\u00a0 Z\u00f6pfstra\u00dfe 19,\u00a0 Tel. 08809\/544\u00a0 \u00d6ffnungszeiten Mo. 08.00 &#8211; &hellip; <\/p>\n<p class=\"link-more\"><a href=\"https:\/\/ferienwohnung-wessobrunn.de\/?page_id=251\" class=\"more-link\"><span class=\"screen-reader-text\">\u201eWissenswertes A &#8211; Z\u201c <\/span>weiterlesen<\/a><\/p>\n","protected":false},"author":1,"featured_media":0,"parent":0,"menu_order":14,"comment_status":"closed","ping_status":"closed","template":"","meta":{"footnotes":""},"class_list":["post-251","page","type-page","status-publish","hentry"],"_links":{"self":[{"href":"https:\/\/ferienwohnung-wessobrunn.de\/index.php?rest_route=\/wp\/v2\/pages\/251","targetHints":{"allow":["GET"]}}],"collection":[{"href":"https:\/\/ferienwohnung-wessobrunn.de\/index.php?rest_route=\/wp\/v2\/pages"}],"about":[{"href":"https:\/\/ferienwohnung-wessobrunn.de\/index.php?rest_route=\/wp\/v2\/types\/page"}],"author":[{"embeddable":true,"href":"https:\/\/ferienwohnung-wessobrunn.de\/index.php?rest_route=\/wp\/v2\/users\/1"}],"replies":[{"embeddable":true,"href":"https:\/\/ferienwohnung-wessobrunn.de\/index.php?rest_route=%2Fwp%2Fv2%2Fcomments&post=251"}],"version-history":[{"count":90,"href":"https:\/\/ferienwohnung-wessobrunn.de\/index.php?rest_route=\/wp\/v2\/pages\/251\/revisions"}],"predecessor-version":[{"id":1291,"href":"https:\/\/ferienwohnung-wessobrunn.de\/index.php?rest_route=\/wp\/v2\/pages\/251\/revisions\/1291"}],"wp:attachment":[{"href":"https:\/\/ferienwohnung-wessobrunn.de\/index.php?rest_route=%2Fwp%2Fv2%2Fmedia&parent=251"}],"curies":[{"name":"wp","href":"https:\/\/api.w.org\/{rel}","templated":true}]}}